{"id":173,"date":"2024-01-03T08:05:20","date_gmt":"2024-01-03T11:05:20","guid":{"rendered":"https:\/\/sergiometais.com.br\/?post_type=product&#038;p=173"},"modified":"2024-08-08T08:04:25","modified_gmt":"2024-08-08T11:04:25","slug":"colar-cordao-veneziana-feminino-pingente-arvore-da-vida","status":"publish","type":"product","link":"http:\/\/sergiometais.com.br\/?product=colar-cordao-veneziana-feminino-pingente-arvore-da-vida","title":{"rendered":"Colar cord\u00e3o Veneziana Feminino pingente F\u00e9"},"content":{"rendered":"<h2>Colar com Pingente F\u00e9<\/h2>\n<p>O colar com pingente F\u00e9 \u00e9 uma pe\u00e7a delicada e elegante, perfeita para expressar sua cren\u00e7a e devo\u00e7\u00e3o. Feito com materiais de alta qualidade, esse colar \u00e9 um s\u00edmbolo de f\u00e9 e esperan\u00e7a.<\/p>\n<p>O pingente em formato de palavra &#8220;F\u00e9&#8221; \u00e9 o destaque desse colar, trazendo um significado especial para quem o usa. Ele \u00e9 feito de um metal resistente e dur\u00e1vel, garantindo que voc\u00ea possa usar essa pe\u00e7a por muito tempo.<\/p>\n<p>O colar em si \u00e9\u00a0 se ajusta perfeitamente ao pesco\u00e7o. Seu design minimalista e discreto permite que voc\u00ea o use em qualquer ocasi\u00e3o, seja no dia a dia ou em eventos especiais.<\/p>\n<p>Al\u00e9m de ser uma pe\u00e7a de moda, o colar com pingente F\u00e9 tamb\u00e9m pode ser um presente significativo para algu\u00e9m especial. \u00c9 uma maneira de mostrar apoio e compartilhar a import\u00e2ncia da f\u00e9 na vida de algu\u00e9m.<\/p>\n<p>Adquira agora mesmo o colar com pingente F\u00e9 e tenha uma pe\u00e7a \u00fanica que ir\u00e1 adicionar um toque de estilo e espiritualidade ao seu visual.<\/p>\n","protected":false},"excerpt":{"rendered":"<div class=\"woocommerce-product-details__short-description\">\n<p>&nbsp;<\/p>\n<p>FICHA T\u00c9CNICA:<br \/>\nMaterial: Liga de composto com\u00a0 Cobre (Zamac)<br \/>\nTipo: Corrente Veneziana de 3 mm.<br \/>\nComprimento do colar 40 cm + 10cm de Alongadora<br \/>\nPingente de 5 cm de altura.<br \/>\nPeso de 30 gramas.<br \/>\nBanho Ouro Cataforecito.<br \/>\nFabrica\u00e7\u00e3o Pr\u00f3pria<\/p>\n<\/div>\n","protected":false},"featured_media":1543,"comment_status":"open","ping_status":"closed","template":"","meta":[],"product_brand":[],"product_cat":[18],"product_tag":[],"class_list":{"0":"post-173","1":"product","2":"type-product","3":"status-publish","4":"has-post-thumbnail","6":"product_cat-colar","8":"first","9":"instock","10":"purchasable","11":"product-type-simple"},"jetpack_sharing_enabled":true,"_links":{"self":[{"href":"http:\/\/sergiometais.com.br\/index.php?rest_route=\/wp\/v2\/product\/173","targetHints":{"allow":["GET"]}}],"collection":[{"href":"http:\/\/sergiometais.com.br\/index.php?rest_route=\/wp\/v2\/product"}],"about":[{"href":"http:\/\/sergiometais.com.br\/index.php?rest_route=\/wp\/v2\/types\/product"}],"replies":[{"embeddable":true,"href":"http:\/\/sergiometais.com.br\/index.php?rest_route=%2Fwp%2Fv2%2Fcomments&post=173"}],"wp:featuredmedia":[{"embeddable":true,"href":"http:\/\/sergiometais.com.br\/index.php?rest_route=\/wp\/v2\/media\/1543"}],"wp:attachment":[{"href":"http:\/\/sergiometais.com.br\/index.php?rest_route=%2Fwp%2Fv2%2Fmedia&parent=173"}],"wp:term":[{"taxonomy":"product_brand","embeddable":true,"href":"http:\/\/sergiometais.com.br\/index.php?rest_route=%2Fwp%2Fv2%2Fproduct_brand&post=173"},{"taxonomy":"product_cat","embeddable":true,"href":"http:\/\/sergiometais.com.br\/index.php?rest_route=%2Fwp%2Fv2%2Fproduct_cat&post=173"},{"taxonomy":"product_tag","embeddable":true,"href":"http:\/\/sergiometais.com.br\/index.php?rest_route=%2Fwp%2Fv2%2Fproduct_tag&post=173"}],"curies":[{"name":"wp","href":"https:\/\/api.w.org\/{rel}","templated":true}]}}