{"id":1252,"date":"2024-07-01T16:07:02","date_gmt":"2024-07-01T19:07:02","guid":{"rendered":"https:\/\/sergiometais.com.br\/?post_type=product&#038;p=1252"},"modified":"2025-09-12T11:01:26","modified_gmt":"2025-09-12T14:01:26","slug":"bracelete-com-pedra-forma-coracao","status":"publish","type":"product","link":"http:\/\/sergiometais.com.br\/?product=bracelete-com-pedra-forma-coracao","title":{"rendered":"Bracelete com pedra forma cora\u00e7\u00e3o"},"content":{"rendered":"<h2>Design Exclusivo e Sofisticado<\/h2>\n<p>O bracelete com pedra em forma de cora\u00e7\u00e3o \u00e9 uma pe\u00e7a que exala eleg\u00e2ncia e romance. Com um design exclusivo, este acess\u00f3rio \u00e9 ideal para quem deseja adicionar um toque de sofistica\u00e7\u00e3o ao seu visual. A pedra central, esculpida minuciosamente em forma de cora\u00e7\u00e3o, \u00e9 o destaque principal, transmitindo um charme incompar\u00e1vel.<\/p>\n<h2>Materiais de Alta Qualidade<\/h2>\n<p>Este bracelete \u00e9 confeccionado com materiais de alta qualidade, garantindo durabilidade e um acabamento impec\u00e1vel. A liga met\u00e1lica utilizada \u00e9 resistente e hipoalerg\u00eanica, oferecendo conforto e seguran\u00e7a para quem o usa. A pedra, al\u00e9m de sua beleza, \u00e9 escolhida cuidadosamente para assegurar brilho e pureza, real\u00e7ando ainda mais a pe\u00e7a.<\/p>\n<h2>Versatilidade e Estilo<\/h2>\n<p>O bracelete com pedra em forma de cora\u00e7\u00e3o \u00e9 extremamente vers\u00e1til, podendo ser utilizado em diversas ocasi\u00f5es, desde eventos formais at\u00e9 encontros casuais. Sua est\u00e9tica atemporal combina facilmente com outros acess\u00f3rios, permitindo uma infinidade de combina\u00e7\u00f5es e estilos. Seja qual for o seu look, este bracelete \u00e9 a escolha perfeita para adicionar um toque de requinte e romance.<\/p>\n<h2>O Presente Perfeito<\/h2>\n<p>Se voc\u00ea est\u00e1 \u00e0 procura de um presente especial para algu\u00e9m querido, o bracelete com pedra em forma de cora\u00e7\u00e3o \u00e9 uma excelente op\u00e7\u00e3o. Este acess\u00f3rio simboliza amor e afei\u00e7\u00e3o, tornando-se um presente significativo para datas comemorativas, anivers\u00e1rios e outras celebra\u00e7\u00f5es importantes. Surpreenda quem voc\u00ea ama com uma pe\u00e7a que \u00e9 t\u00e3o \u00fanica quanto o sentimento que voc\u00eas compartilham.<\/p>\n","protected":false},"excerpt":{"rendered":"<div class=\"woocommerce-product-details__short-description\">\n<h2 class=\"vtex-store-components-3-x-productDescriptionTitle t-heading-5 mb5 mt0\">Descri\u00e7\u00e3o:<\/h2>\n<div class=\"vtex-store-components-3-x-productDescriptionText c-muted-1\">\n<div>Produzido em Lat\u00e3o<\/div>\n<div>FICHA T\u00c9CNICA:<\/div>\n<div>Material: 100% Lat\u00e3o<\/div>\n<div>Tipo: bracelete de lat\u00e3o com pedra de zirc\u00f4nia<\/div>\n<div>Banhado a\u00a0 ouro 18 K<\/div>\n<div>Fabrica\u00e7\u00e3o Pr\u00f3pria<\/div>\n<div>Garantia de 6 meses<\/div>\n<\/div>\n<\/div>\n","protected":false},"featured_media":1599,"comment_status":"open","ping_status":"closed","template":"","meta":[],"product_brand":[],"product_cat":[39],"product_tag":[],"class_list":{"0":"post-1252","1":"product","2":"type-product","3":"status-publish","4":"has-post-thumbnail","6":"product_cat-semijoia","8":"first","9":"instock","10":"shipping-taxable","11":"purchasable","12":"product-type-simple"},"jetpack_sharing_enabled":true,"_links":{"self":[{"href":"http:\/\/sergiometais.com.br\/index.php?rest_route=\/wp\/v2\/product\/1252","targetHints":{"allow":["GET"]}}],"collection":[{"href":"http:\/\/sergiometais.com.br\/index.php?rest_route=\/wp\/v2\/product"}],"about":[{"href":"http:\/\/sergiometais.com.br\/index.php?rest_route=\/wp\/v2\/types\/product"}],"replies":[{"embeddable":true,"href":"http:\/\/sergiometais.com.br\/index.php?rest_route=%2Fwp%2Fv2%2Fcomments&post=1252"}],"wp:featuredmedia":[{"embeddable":true,"href":"http:\/\/sergiometais.com.br\/index.php?rest_route=\/wp\/v2\/media\/1599"}],"wp:attachment":[{"href":"http:\/\/sergiometais.com.br\/index.php?rest_route=%2Fwp%2Fv2%2Fmedia&parent=1252"}],"wp:term":[{"taxonomy":"product_brand","embeddable":true,"href":"http:\/\/sergiometais.com.br\/index.php?rest_route=%2Fwp%2Fv2%2Fproduct_brand&post=1252"},{"taxonomy":"product_cat","embeddable":true,"href":"http:\/\/sergiometais.com.br\/index.php?rest_route=%2Fwp%2Fv2%2Fproduct_cat&post=1252"},{"taxonomy":"product_tag","embeddable":true,"href":"http:\/\/sergiometais.com.br\/index.php?rest_route=%2Fwp%2Fv2%2Fproduct_tag&post=1252"}],"curies":[{"name":"wp","href":"https:\/\/api.w.org\/{rel}","templated":true}]}}